+ -1010. What is the highest common divisor of 10634 and u?
26
Let b(t) = 2*t**2 + 129*t + 257. Let z be b(-2). What is the highest common factor of 6671 and z?
7
Let r(h) = 148*h - 991. Let z be r(75). What is the greatest common factor of 11 and z?
11
Let i be (1 + (-6)/4)/(19/(-304)). Suppose -30 = -i*w + 2*w. Suppose -651 = w*y - 12*y. Calculate the greatest common divisor of 62 and y.
31
Let q(d) = 286*d + 236. Let g be q(-5). Let j = -189 - g. What is the highest common divisor of 15 and j?
15
Suppose 29*s - 120575 = -52*s - 184*s. What is the highest common factor of s and 1625?
65
Let r be 741/38*(42/(-9))/(-1). What is the highest common divisor of r and 14?
7
Let b(o) = -o**3 - 7*o**2 + 8*o + 7. Let v be b(-8). Suppose 4*p = 15 - v. Calculate the highest common divisor of 6 and p.
2
Let u(o) = -o**2 - 9*o + 1. Suppose -4*i - 18 = w + 22, 4*i - 2*w = -28. Let z be u(i). Suppose -4 = -2*f + 18. Calculate the greatest common factor of f and z.
1
Let s = 93 - 0. Let m = 383 - 352. Calculate the highest common factor of s and m.
31
Let l be (-4)/((-4)/11) - 2. Let x = 117 + -113. Suppose -214 = -3*w - y - 0*y, -2*y = -x*w + 292. Calculate the greatest common factor of l and w.
9
Let w(o) = -582*o + 6672. Let l be w(-24). What is the greatest common divisor of l and 172?
172
Suppose -96*o + 1966 = 1006. Let l = -2 - -1. Let x be l*50/2*-1. What is the highest common factor of o and x?
5
Suppose 5*v + 400 = 5*r, -5 = v + r + 83. Let l = v + 120. Suppose 33*f - l*f + 111 = 0. Calculate the greatest common factor of 111 and f.
37
Let l(s) = 49*s - 3015. Let o be l(65). Calculate the highest common factor of 306 and o.
34
Suppose -4 = 2*c - 8, 4*i + 4*c = -520. Let x be (3 - (4 - (-6)/(-9)))*i. What is the highest common divisor of x and 44?
44
Let v be -2 - ((-141)/(-6))/(1/(-2)). Let b be (v/6)/((-323)/(-46) + -7). What is the highest common factor of 46 and b?
23
Let f(i) = 2132*i**2 - 37*i + 131. Let q be f(4). Calculate the highest common factor of 15 and q.
15
Let z be (-142 - 3)/(1*4/(-88)). Calculate the highest common divisor of z and 176.
22
Let a be (-19 - (0 - -1)) + -5. Let g(q) = -q**3 - 23*q**2 + 49*q + 53. Let c be g(a). What is the highest common divisor of 26 and c?
26
Let u = 3 + -1. Suppose u*x = -j + 44, 5*j - 3*x = j + 132. Let c be (8 + -4)/(3/36). Calculate the greatest common factor of j and c.
12
Suppose -11*a = -12724 + 11096. Calculate the greatest common divisor of a and 9324.
148
Let b be ((-48)/(-3) + (23 - 17))*1778. What is the highest common divisor of b and 154?
154
Suppose 0 = 9*y + 529 - 8539. Suppose 2*t - 5*f - 45 = 0, 0 = -5*t + 2*f + 2*f + 70. Calculate the highest common divisor of t and y.
10
Let z(p) = -55*p**3 - 5*p**2 - 16*p - 4. Let w be z(-2). What is the highest common factor of 308 and w?
28
Let u(t) = -t**2 + 17*t - 26. Let j = -405 - -411. Let r be u(j). What is the greatest common divisor of r and 8?
8
Suppose 0 = 5*z + 3*v - 8, -2*v = 2*z + 14 - 18. Calculate the highest common factor of z and 3287.
1
Suppose 1229 = -148*u + 9813. Calculate the highest common factor of u and 1856.
58
Let l(c) = c**3 - 3*c**2 + 8. Let n be l(7). Suppose -5 = o - 4*p - 13, -3*p = 2*o - 27. What is the greatest common factor of n and o?
12
Let s(n) = -3*n**2 + 3*n. Let d be s(-4). Let w be (3 - d/(-18)) + (-1048)/(-3). Suppose 99 = -10*v + w. What is the greatest common divisor of v and 225?
25
Suppose -214 = 17*h - 502 - 18. What is the greatest common factor of 675 and h?
9
Suppose -2*p + 15117 = 2*f - 245, 0 = 3*p + 2*f - 23042. What is the highest common divisor of 15 and p?
15
Let t(z) = 2*z**2 - 170*z + 517. Let j be t(3). What is the greatest common factor of j and 115?
5
Let c(g) = -11*g - 6. Let d be c(-6). Let v = d + -36. Let o = -144787 - -144791. Calculate the highest common divisor of v and o.
4
Let j be ((-3)/15)/((-33)/1320). Let b be (-1 + 1)/(-3) + 296. What is the greatest common factor of j and b?
8
Let u = 984 - 548. What is the greatest common divisor of 72 and u?
4
Let h = 8807 - 8741. What is the greatest common factor of 10758 and h?
66
Let z be (9/1)/((-2)/(-26)). Suppose 0 = -2*y + 2*w - 5*w + 4062, -w = 2*y - 4058. Suppose 26*c - 78*c + y = 0. Calculate the highest common divisor of z and c.
39
Let c(f) = -f**3 + 38*f**2 - 354*f - 24. Let y be c(21). What is the greatest common divisor of y and 481?
13
Suppose -23*s + 2073 = -1699. Let k = -155 + s. What is the greatest common factor of k and 9?
9
Let p be (-34142)/(-387) + (-4)/18. Let g(o) = 4*o**2 - 4*o + 3. Suppose -3*j + 7 - 1 = 0. Let z be g(j). What is the greatest common divisor of p and z?
11
Suppose -25 + 49 = 3*j. Suppose 2*a = 2, j*a = -4*d + 3*a + 209. Suppose 4*z + 130 + d = 5*p, -5*z = 4*p - 153. What is the highest common divisor of p and 111?
37
Let v = -5053 - -5131. Calculate the greatest common factor of v and 378.
6
Let y = 104 + -6. Let t be 6489/(-4326)*56*2/(-6). Calculate the greatest common divisor of y and t.
14
Suppose 9*k - 86 = 130. Let x be (6/4 - 1)*k. Let h be (2 + 5/(-3))/(2/x). What is the greatest common divisor of 6 and h?
2
Let i(o) = -40*o + 1764. Let u be i(43). Let z(b) = 11*b - 2. Let a be z(2). What is the greatest common factor of u and a?
4
Let t(o) = -8*o + 768. Let h be t(28). Calculate the greatest common divisor of 119 and h.
17
Suppose 3 = -3*d, -2*d - 3*d - 65 = -5*v. Suppose r - 889 - 247 = 0. Let p be (-4)/(-38) + r/38. Calculate the greatest common factor of v and p.
6
Let f(x) = 2*x**2 - 17*x - 185. Let i be f(17). What is the highest common factor of 767 and i?
13
Suppose 2056 - 464 = 708*m - 4072. Let v be ((-93)/9)/((-2)/48). What is the highest common factor of v and m?
8
Let k = 6559 + -2684. What is the greatest common divisor of k and 200?
25
Let k be (-328)/(-738) + (-82)/(-18). Calculate the highest common divisor of k and 445.
5
Let l(w) = 540*w**3 + 2*w**2 + 3*w - 3. Let u be l(1). Let v = -457 + u. What is the highest common divisor of v and 187?
17
Let p be (10/(-3))/((-16)/96). Let q be p/25*90/4. What is the highest common divisor of 72 and q?
18
Let d(g) = 4*g - 28. Let u be d(13). Let a be 2/9 - (u/(-54))/(-2). Let y be a/2 - (9 - 240) - 0. What is the greatest common divisor of 33 and y?
33
Let z be (-6)/33 - (-1062)/33. Suppose -2*v - i + 14 = 0, -z*i + 28*i = 5*v - 38. Let h(f) = 6*f. Let m be h(2). What is the highest common factor of v and m?
6
Let k(y) = -y**2 + 154*y + 171. Let h be k(155). Suppose 169 = 5*i + 69. Calculate the highest common divisor of h and i.
4
Let z(i) = 4*i - 40. Let d be z(11). Suppose s - 4*x - 44 = -x, d*s + 2*x = 148. Let o be s + 0*(-3)/9. Calculate the highest common factor of 304 and o.
38
Let n(y) = -26*y - 1739. Let h be n(-88). What is the greatest common divisor of 9 and h?
9
Suppose 4*j - 416 = -4*n - 0*n, 3*j = 4*n - 444. Let x = 220 - n. What is the greatest common divisor of x and 98?
14
Suppose -3*z - 5*x + 33 = -26, 3*x + 15 = 0. Suppose -388 = -4*c + z. What is the greatest common factor of 52 and c?
52
Let c(v) = -300*v + 2465. Let t be c(0). Calculate the greatest common factor of t and 1015.
145
Let s(j) = -3649*j - j**3 + 1824*j + 1821*j - 23 - 10*j**2. Let v be s(-10). What is the highest common factor of v and 391?
17
Suppose 0 = 21*b + 743 - 2633. Calculate the highest common divisor of b and 540.
90
Let n be 788 - -10 - (3 - 5). Suppose -n = 37*o - 53*o. Calculate the greatest common divisor of o and 650.
50
Let h(d) = -2*d**3 - 5*d**2 - 9. Let y be h(-4). Suppose 0 = t + 5 - 7. Let k be (-2)/(-10) + ((-278)/(-10) - t). What is the highest common factor of k and y?
13
Suppose -852 = -3*x - x. Let t(s) = 2*s**2 - 50*s - 1091. Let c be t(-14). Let l be 4/(4/x) + c*3. What is the greatest common divisor of 36 and l?
36
Let v = -4 + -57. Let h = 63 + v. Suppose -2*x - 3*o - h*o + 227 = 0, x = -3*o + 111. Calculate the greatest common factor of x and 14.
14
Suppose 43*s - 1760 - 5722 = 0. What is the highest common factor of s and 6525?
87
Suppose 3*x - 331 = 2*g, 4*x - 880 = 5*g + 7*x. Let p = -140 - g. What is the highest common divisor of p and 231?
33
Let k = -35 - -37. Suppose -3*n + 2*c = -15, -5*n + k*c + 2 = -27. Suppose 10 + 11 = n*v. Calculate the greatest common factor of 15 and v.
3
Let y = -1494